
What are the prime factors of 1165152?
2, 3, 53, 229
List the prime factors of 7662250.
2, 5, 30649
List the prime factors of 20771.
20771
List the prime factors of 6336753.
3, 23, 91837
What are the prime factors of 1530846?
2, 3, 28349
What are the prime factors of 187005?
3, 5, 7, 13, 137
List the prime factors of 3425352.
2, 3, 7, 20389
List the prime factors of 3983242.
2, 71, 28051
What are the prime factors of 754854?
2, 3, 97, 1297
What are the prime factors of 19010161?
31, 613231
List the prime factors of 4452901.
53, 84017
List the prime factors of 180407.
223, 809
List the prime factors of 1351902.
2, 3, 293, 769
What are the prime factors of 6723580?
2, 5, 53, 6343
What are the prime factors of 1329439?
1329439
What are the prime factors of 14882490?
2, 3, 5, 7, 23623
List the prime factors of 10292221.
10292221
What are the prime factors of 1207189?
239, 5051
What are the prime factors of 508757?
59, 8623
What are the prime factors of 742076?
2, 185519
What are the prime factors of 2456618?
2, 1228309
List the prime factors of 1178548.
2, 7, 859
What are the prime factors of 1006825?
5, 17, 23, 103
What are the prime factors of 5077694?
2, 103, 157
List the prime factors of 41634.
2, 3, 257
List the prime factors of 6537921.
3, 13, 53, 3163
What are the prime factors of 137675?
5, 5507
What are the prime factors of 241206?
2, 3, 7, 5743
List the prime factors of 183451.
183451
What are the prime factors of 26228060?
2, 5, 1311403
List the prime factors of 2259296.
2, 13, 5431
List the prime factors of 10146571.
10146571
What are the prime factors of 1176797?
1176797
What are the prime factors of 400894?
2, 13, 17, 907
List the prime factors of 297446.
2, 148723
List the prime factors of 3230118.
2, 3, 127, 157
What are the prime factors of 115658?
2, 57829
What are the prime factors of 2683251?
3, 443, 673
List the prime factors of 13052717.
13052717
List the prime factors of 285212.
2, 113, 631
List the prime factors of 101405.
5, 17, 1193
What are the prime factors of 567851?
17, 33403
List the prime factors of 1348006.
2, 11, 71, 863
What are the prime factors of 1022644?
2, 7, 36523
List the prime factors of 5901263.
5901263
List the prime factors of 32749054.
2, 13, 181, 6959
What are the prime factors of 14414?
2, 7207
What are the prime factors of 72923?
72923
What are the prime factors of 44752?
2, 2797
List the prime factors of 259897.
11, 23627
What are the prime factors of 1321803?
3, 7, 20981
List the prime factors of 2502177.
3, 834059
What are the prime factors of 116464?
2, 29, 251
List the prime factors of 777278.
2, 41, 9479
List the prime factors of 276891.
3, 92297
What are the prime factors of 3969343?
7, 59, 1373
List the prime factors of 8902221.
3, 2967407
List the prime factors of 55862.
2, 17, 31, 53
What are the prime factors of 664867?
7, 19, 4999
List the prime factors of 8220747.
3, 2740249
What are the prime factors of 711878?
2, 355939
List the prime factors of 12642555.
3, 5, 41, 61, 337
List the prime factors of 5336419.
11, 17, 28537
List the prime factors of 19703758.
2, 37, 59, 4513
What are the prime factors of 334809?
3, 37201
What are the prime factors of 15956757?
3, 29, 6793
What are the prime factors of 921669?
3, 7, 43889
List the prime factors of 294148.
2, 151, 487
List the prime factors of 3330562.
2, 113, 14737
What are the prime factors of 995071?
7, 11, 12923
What are the prime factors of 45035?
5, 9007
What are the prime factors of 9863383?
17, 43, 103, 131
List the prime factors of 13607411.
13607411
List the prime factors of 25284.
2, 3, 7, 43
List the prime factors of 16128786.
2, 3, 71, 37861
What are the prime factors of 639794?
2, 319897
What are the prime factors of 2374358?
2, 7, 181, 937
List the prime factors of 3626779.
13, 227, 1229
List the prime factors of 400424.
2, 50053
What are the prime factors of 71474?
2, 13, 2749
List the prime factors of 249382.
2, 7, 47, 379
List the prime factors of 229099.
13, 17623
List the prime factors of 23136099.
3, 7, 17, 229, 283
List the prime factors of 32174.
2, 16087
List the prime factors of 16746970.
2, 5, 197, 8501
List the prime factors of 1369043.
13, 53, 1987
What are the prime factors of 3759354?
2, 3, 73, 2861
List the prime factors of 1896971.
23, 67, 1231
List the prime factors of 8174333.
1103, 7411
What are the prime factors of 142989?
3, 7, 11, 619
List the prime factors of 5176887.
3, 61, 28289
List the prime factors of 7160907.
3, 13, 31, 5923
List the prime factors of 499666.
2, 249833
List the prime factors of 85420.
2, 5, 4271
List the prime factors of 3815911.
11, 41, 8461
What are the prime factors of 2340037?
7, 353, 947
What are the prime factors of 379238?
2, 189619
List the prime factors of 451969.
7, 64567
What are the prime factors of 69334?
2, 34667
List the prime factors of 377603.
107, 3529
What are the prime factors of 386610?
2, 3, 5, 7, 263
List the prime factors of 326909.
11, 113, 263
List the prime factors of 867475.
5, 7, 4957
What are the prime factors of 3561987?
3, 11, 13, 19, 23
List the prime factors of 3525995.
5, 11, 64109
List the prime factors of 228926.
2, 29, 3947
What are the prime factors of 1313121?
3, 167, 2621
What are the prime factors of 171400?
2, 5, 857
List the prime factors of 8744476.
2, 13, 337, 499
What are the prime factors of 182861?
7, 151, 173
What are the prime factors of 13099563?
3, 43, 3761
What are the prime factors of 20257886?
2, 11, 59, 15607
List the prime factors of 55178.
2, 47, 587
What are the prime factors of 915583?
97, 9439
What are the prime factors of 1539688?
2, 192461
What are the prime factors of 782771?
11, 71161
What are the prime factors of 527311?
149, 3539
What are the prime factors of 2601578?
2, 7, 17, 643
What are the prime factors of 415717?
415717
What are the prime factors of 3281112?
2, 3, 199, 229
List the prime factors of 2762471.
89, 31039
What are the prime factors of 1748327?
7, 379, 659
What are the prime factors of 664448?
2, 29, 179
What are the prime factors of 4261749?
3, 1420583
List the prime factors of 9382690.
2, 5, 73, 12853
List the prime factors of 307776.
2, 3, 7, 229
List the prime factors of 1492446.
2, 3, 251, 991
List the prime factors of 2017114.
2, 11, 277, 331
List the prime factors of 17885163.
3, 5961721
List the prime factors of 852311.
23, 37057
What are the prime factors of 4557505?
5, 359, 2539
What are the prime factors of 898334?
2, 23, 59, 331
What are the prime factors of 181143?
3, 6709
List the prime factors of 4082949.
3, 13, 34897
What are the prime factors of 2272449?
3, 233, 3251
List the prime factors of 6782778.
2, 3, 149, 281
List the prime factors of 3622805.
5, 131, 5531
List the prime factors of 207720.
2, 3, 5, 577
What are the prime factors of 25149123?
3, 71, 4373
What are the prime factors of 131375?
5, 1051
What are the prime factors of 298566?
2, 3, 19, 97
List the prime factors of 152713.
11, 13883
What are the prime factors of 1157653?
7, 165379
What are the prime factors of 11334684?
2, 3, 89, 10613
What are the prime factors of 19138506?
2, 3, 61, 52291
What are the prime factors of 14752383?
3, 4917461
What are the prime factors of 1905637?
167, 11411
List the prime factors of 3920758.
2, 1960379
What are the prime factors of 2360468?
2, 11, 4877
What are the prime factors of 66011?
11, 17, 353
What are the prime factors of 153138?
2, 3, 25523
What are the prime factors of 48643?
7, 6949
List the prime factors of 352642.
2, 176321
What are the prime factors of 328267?
463, 709
List the prime factors of 13959671.
11, 1269061
What are the prime factors of 372689?
372689
What are the prime factors of 1357007?
479, 2833
What are the prime factors of 1224457?
13, 131, 719
List the prime factors of 2709354.
2, 3, 23, 29, 677
What are the prime factors of 2348629?
73, 32173
List the prime factors of 741462.
2, 3, 191, 647
List the prime factors of 1597506.
2, 3, 181, 1471
What are the prime factors of 675979?
675979
List the prime factors of 227961.
3, 8443
What are the prime factors of 13529290?
2, 5, 23, 59, 997
List the prime factors of 4046397.
3, 59, 22861
What are the prime factors of 3348962?
2, 41, 40841
List the prime factors of 7377259.
7377259
List the prime factor